 and m.
11
Let m be 2/(-17) - (-20188)/1666. Let r = 439 - 259. Suppose 0 = 8*h - 3*h - r. What is the greatest common divisor of m and h?
12
Suppose 65*x = 61*x + 24, m - 452 = 3*x. What is the greatest common divisor of 4982 and m?
94
Suppose -q - 2*l = -6*q + 350, 0 = -4*q + 5*l + 280. Let g(u) = 3*u**3 - u**2 - 2*u + 4. Let a be g(2). What is the highest common factor of a and q?
10
Let f(r) = 2*r**2 - 11*r + 13. Let x be f(6). Suppose x = 2*q + 3. Suppose 3*s + c - 12 = 12, 3*c = 0. What is the highest common divisor of s and q?
8
Suppose m - 1 = 0, -2*w = -3*m - 611 - 1122. Calculate the greatest common divisor of w and 28.
28
Suppose -4*p = 3*t - 375, 440 = 5*p + 57*t - 59*t. What is the highest common divisor of 11835 and p?
45
Let q = -60 - 14. Let v = q - -186. Let i(l) = -74*l - 338. Let u be i(-5). What is the greatest common factor of v and u?
16
Suppose -292*w + 1801993 + 381239 = -584928. What is the greatest common factor of w and 5?
5
Let x(s) = -s**3 - 2*s**2 - 4*s - 4. Let r = -11 + 15. Let j be 1/2 + (r/(-8) - 2). Let y be x(j). Calculate the highest common factor of y and 6.
2
Suppose 0*l = -l + 88. Let v(w) = 15*w**2 + 37*w + 5. Let a be v(-3). Let t(h) = 4*h - 94. Let n be t(a). What is the greatest common divisor of n and l?
22
Let q = 22744 - 22690. Let f(l) = 350*l**2 + 2*l - 1. Let m be f(1). What is the highest common divisor of m and q?
27
Suppose -4*q = -47*q + 92407. What is the greatest common divisor of 7 and q?
7
Suppose -48*d - 1020 = -68*d. What is the greatest common divisor of 1037 and d?
17
Let s(i) = 17*i + 27. Let u be (7 + -7)/((-2)/4*4). Let h be s(u). Calculate the highest common factor of h and 189.
27
Let m be (-1)/(4/8) + 518 + -9. Calculate the highest common factor of 3 and m.
3
Let k = -410 + -253. Let x be k/(-5) - 14/(-35). What is the greatest common factor of 14 and x?
7
Let h be 6/(-16)*(-20960)/786. Calculate the highest common divisor of 10510 and h.
10
Let m = 587 - 322. Suppose 61 = -4*a + m. Calculate the greatest common factor of a and 12.
3
Suppose -7*c + 2*c + 20 = 0. Suppose 0 = 3*t + m - 45, c*t - 62 = -m - m. Let l be 2/((-14)/1715*-7). What is the highest common factor of t and l?
7
Let x(a) = 2*a**2 - 25 + 14*a - 50*a + 37. Let l be x(23). Calculate the highest common factor of 44 and l.
22
Let j(r) = -r**2 + 4*r - 1. Let b be j(2). Suppose -544 = -2*y - 2*u, -808 = -b*y + 2*u - u. Calculate the highest common factor of y and 30.
30
Let f(y) = y**3 + 6*y**2 + 8*y - 32. Let h be f(2). What is the greatest common factor of h and 2296?
8
Let c = 150 + -124. Suppose 5*x = 3*i - 1 - 25, -4*x = -5*i + c. Suppose 203 = t + 2*v, -v + i*v - 394 = -2*t. What is the greatest common divisor of t and 39?
39
Let o = 1005 - 697. Let k = o - 302. What is the highest common factor of 354 and k?
6
Let b be (11488/(-14))/((-366)/1281). Calculate the greatest common divisor of b and 8.
8
Suppose 27*h + 703 = 28*h - 3*u, 2*u - 678 = -h. Let w = 140 - 97. Calculate the greatest common factor of w and h.
43
Let n be ((-245)/(-14) - -2)/((-6)/(-4)). Suppose 24*z = n*z + 165. Calculate the greatest common divisor of 165 and z.
15
Let l be (-46 - -50) + (-1 + 0 - 0). Let h be (1/l)/(2/78). Calculate the highest common factor of h and 351.
13
Let o(l) = -54*l + 3920. Let i be o(38). Calculate the highest common divisor of 8 and i.
4
Let o(r) = r**3 - 6*r**2 - r + 1. Let i be o(6). Let l be (-1 + i)/((-6)/39 + 0). Let x = 41 + 37. Calculate the highest common divisor of x and l.
39
Suppose -7*s = 5*r - 8*s - 1665, r - 333 = -2*s. What is the greatest common factor of 629 and r?
37
Let o(p) = p**2 - 4*p - 4. Let g be o(6). Let s = 7140 + -7100. What is the highest common factor of g and s?
8
Suppose 3*t = m, -3*m - m = -t - 44. Suppose 10*r - m*r = -630. Suppose -5*j + 35 = u, -j - 231 = -5*u + 2*j. Calculate the greatest common divisor of u and r.
45
Suppose -3*y - 6 = -5*t - 3, y - 5*t = -11. Suppose -5*d = -5*z + 4*z + 37, -y*z + 58 = -2*d. What is the highest common divisor of 108 and z?
12
Let x be (-97 + 1)*(-126)/56. Let m = 351 - x. Let a be 6/(-4)*4*-9. Calculate the highest common factor of m and a.
27
Suppose -2*g + 125 + 205 = -3*d, -g + 167 = -d. What is the greatest common divisor of g and 9?
9
Let g be 231 + (-1 - 0) + 48/(7 + -15). Calculate the greatest common factor of 616 and g.
56
Let w = 37 + -15. Let c be (7/((-56)/12))/((-6)/(-184)). Let h = -13 - c. What is the highest common factor of w and h?
11
Let y(g) = 3*g**2 - 33*g - 64. Suppose 15*x + 43 = 268. Let k be y(x). What is the greatest common factor of k and 4?
4
Let o be 1181/4 - (4 - (-210)/(-56)). Suppose 2*c + o - 1105 = 0. Calculate the greatest common divisor of c and 36.
9
Let q be ((-13)/2 - 4)/((-9)/7164*3). What is the greatest common divisor of 42 and q?
14
Suppose 19*o - 189 - 251 = -o. What is the greatest common factor of o and 3058?
22
Let k be ((-711)/(-18) - 20)*46. Calculate the greatest common factor of k and 26.
13
Let u = 2245 + -2226. Calculate the highest common divisor of 2945 and u.
19
Suppose -190 = -7*h - 211. Let l be (2 - (-85)/h)*-3. Calculate the highest common divisor of 711 and l.
79
Let r(z) = -z**2 + 9*z + 6. Let k be r(0). Let l be 20*(84/k - 6). Let s(y) = -8*y - 4. Let o be s(-3). Calculate the highest common divisor of o and l.
20
Let q = -4147 - -4451. What is the highest common divisor of 16 and q?
16
Let v = -42455 - -42685. What is the highest common divisor of v and 6785?
115
Let g be 5243 + (12 - (-14)/(-14)). What is the greatest common factor of g and 142?
142
Suppose 3*n - 8 = -2. Suppose -7*d + 42 = -0*d. Suppose -4*v + 0*u + 5*u = 12, -4*u = -5*v - d. Calculate the highest common factor of n and v.
2
Let c = -952 + 954. Suppose 0 = c*f - 2*i - 12 - 2, -3*i - 9 = f. What is the greatest common factor of f and 3?
3
Let b be (-120)/(-6)*(-4 - (2 - 7)). Calculate the greatest common divisor of b and 335.
5
Suppose 5*v + 2*v + 10640 = -0*v + 63*v. Let u = 328 - 176. What is the highest common factor of v and u?
38
Suppose -2*f - 2*q + 42 = 0, 3*q = -5*f - 0 + 101. Let g = -10 + f. Let k = 2983 + -2920. Calculate the greatest common factor of k and g.
9
Let c = 803 + -797. Suppose -12 = -3*t - y, 0 = -8*t + 3*t - 5*y + 20. Suppose -b = 4*x - 22, 120 = t*b + x + 2. What is the greatest common divisor of c and b?
6
Suppose -17*r - 246 = -23*r. Suppose 0 = 3*y + 3*m - 1101, 5*m = -y + 5*y - 1486. What is the highest common divisor of y and r?
41
Suppose 16*c - 2*c + 8118 - 47850 = 0. What is the highest common divisor of c and 129?
129
Let b = 305 + 3. Let r = b - 293. Suppose -5*o - 11 = -3*p - 6*o, o + 13 = 5*p. What is the greatest common divisor of r and p?
3
Let j be (-2 + 32)*(-96)/(-30). What is the greatest common factor of 4096 and j?
32
Suppose 3*a + 5 = -4, -a = -3*g + 12. Let b(n) = 0*n + 26 - g*n - 31 + n**2. Let s be b(5). Calculate the greatest common divisor of 1 and s.
1
Let c be (23/(-1))/(23/(-138)). Calculate the highest common factor of 897 and c.
69
Suppose -2*x = -5*r - 283, 3*r = -x + 7*r + 146. Suppose 7 + 4 = 11*w - 11. Calculate the greatest common divisor of x and w.
2
Suppose 0 = 2*l + 2*x - 2074, -5*l + x + 958 = -4221. What is the greatest common factor of 700 and l?
28
Suppose -17*x + 4716 - 2455 = 0. Let s be 2/(-8) + 174/24. What is the greatest common divisor of x and s?
7
Suppose -40 = 19*m - 24*m. Let d be m - (5 + -44 + -9). Calculate the highest common factor of d and 448.
56
Let d = 398 + 925. Calculate the highest common divisor of 588 and d.
147
Suppose -4*a = 5*s - 3*s - 3042, 0 = -5*s - 5*a + 7605. Calculate the highest common factor of 45 and s.
9
Let r be (-35496)/(-1305)*(0 - -5). Calculate the greatest common factor of r and 11084.
68
Let b be 3 - (-1 - 1) - (-20)/((-160)/(-161704)). Calculate the highest common divisor of b and 44.
22
Let f(b) = b**3 - 4*b**2 - 191*b - 285. Let z be f(-11). What is the greatest common divisor of 2347 and z?
1
Suppose 8*r = 5*r + 297. Let f(p) be the third derivative of p**4/24 + 8*p**3/3 - 77*p**2. Let y be f(-7). Calculate the greatest common divisor of r and y.
9
Suppose -s = 3*c - 298, -106 = -c - 3*s + 6*s. Suppose -3*h = 5*w - c, -71 - 2 = -4*w - h. Calculate the greatest common factor of 119 and w